{"id":86,"date":"2013-07-22T07:29:36","date_gmt":"2013-07-22T07:29:36","guid":{"rendered":"http:\/\/preview.ait-themes.club\/theme\/farmworld\/?page_id=86"},"modified":"2025-06-10T13:20:20","modified_gmt":"2025-06-10T11:20:20","slug":"home-page","status":"publish","type":"page","link":"https:\/\/vopp.cz\/","title":{"rendered":"VOPP"},"content":{"rendered":"<h2 style=\"text-align: center; font-size: 60px; line-height: 70px;\"><span style=\"font-size: inherit;\"><i>V\u00fdroba chemick\u00fdch laborato\u0159\u00ed<\/i><\/span><\/h2>\n<p style=\"text-align: center;\"><a\n\thref=\"https:\/\/vopp.cz\/contact\/\"\n\t\tid=\"ait-sc-button-1\"\n\tclass=\"ait-sc-button aligncenter  buticon-left    simple\"\n\tstyle=\"width:160px;background-color:#b0c25e; border-color:#b0c25e;\"\n>\n\t<span class=\"container\">\n\t\t<span class=\"wrap\">\n\n\t\t\t\n\t\t\t\t\t\t<span class=\"text\" style=\"text-align:center;\">\n\t\t\t\t\t\t\t\t<span class=\"title\" style=\"color:#ffffff;\">\n\t\t\t\t\tCONTACT US\t\t\t\t<\/span>\n\t\t\t\t\t\t\t\t\t\t\t<\/span>\n\t\t\t\n\t\t\t\t\t<\/span>\n\t<\/span>\n<\/a>\n<\/p>\n","protected":false},"excerpt":{"rendered":"<p>V\u00fdroba chemick\u00fdch laborato\u0159\u00ed<\/p>\n","protected":false},"author":1,"featured_media":0,"parent":0,"menu_order":0,"comment_status":"closed","ping_status":"closed","template":"","meta":{"footnotes":""},"class_list":["post-86","page","type-page","status-publish","hentry"],"yoast_head":"<!-- This site is optimized with the Yoast SEO plugin v26.1.1 - https:\/\/yoast.com\/wordpress\/plugins\/seo\/ -->\n<title>VOPP - VOPP<\/title>\n<meta name=\"robots\" content=\"index, follow, max-snippet:-1, max-image-preview:large, max-video-preview:-1\" \/>\n<link rel=\"canonical\" href=\"https:\/\/vopp.cz\/\" \/>\n<meta property=\"og:locale\" content=\"cs_CZ\" \/>\n<meta property=\"og:type\" content=\"article\" \/>\n<meta property=\"og:title\" content=\"VOPP - VOPP\" \/>\n<meta property=\"og:description\" content=\"V\u00fdroba chemick\u00fdch laborato\u0159\u00ed\" \/>\n<meta property=\"og:url\" content=\"https:\/\/vopp.cz\/\" \/>\n<meta property=\"og:site_name\" content=\"VOPP\" \/>\n<meta property=\"article:modified_time\" content=\"2025-06-10T11:20:20+00:00\" \/>\n<meta name=\"twitter:card\" content=\"summary_large_image\" \/>\n<script type=\"application\/ld+json\" class=\"yoast-schema-graph\">{\"@context\":\"https:\/\/schema.org\",\"@graph\":[{\"@type\":\"WebPage\",\"@id\":\"https:\/\/vopp.cz\/\",\"url\":\"https:\/\/vopp.cz\/\",\"name\":\"VOPP - VOPP\",\"isPartOf\":{\"@id\":\"https:\/\/vopp.cz\/#website\"},\"datePublished\":\"2013-07-22T07:29:36+00:00\",\"dateModified\":\"2025-06-10T11:20:20+00:00\",\"breadcrumb\":{\"@id\":\"https:\/\/vopp.cz\/#breadcrumb\"},\"inLanguage\":\"cs\",\"potentialAction\":[{\"@type\":\"ReadAction\",\"target\":[\"https:\/\/vopp.cz\/\"]}]},{\"@type\":\"BreadcrumbList\",\"@id\":\"https:\/\/vopp.cz\/#breadcrumb\",\"itemListElement\":[{\"@type\":\"ListItem\",\"position\":1,\"name\":\"Dom\u016f\",\"item\":\"https:\/\/vopp.cz\/\"},{\"@type\":\"ListItem\",\"position\":2,\"name\":\"VOPP\"}]},{\"@type\":\"WebSite\",\"@id\":\"https:\/\/vopp.cz\/#website\",\"url\":\"https:\/\/vopp.cz\/\",\"name\":\"VOPP\",\"description\":\"Kontaktujte n\u00e1s na telefonu: +420 604 635 534\",\"publisher\":{\"@id\":\"https:\/\/vopp.cz\/#organization\"},\"potentialAction\":[{\"@type\":\"SearchAction\",\"target\":{\"@type\":\"EntryPoint\",\"urlTemplate\":\"https:\/\/vopp.cz\/?s={search_term_string}\"},\"query-input\":{\"@type\":\"PropertyValueSpecification\",\"valueRequired\":true,\"valueName\":\"search_term_string\"}}],\"inLanguage\":\"cs\"},{\"@type\":\"Organization\",\"@id\":\"https:\/\/vopp.cz\/#organization\",\"name\":\"VOPP\",\"url\":\"https:\/\/vopp.cz\/\",\"logo\":{\"@type\":\"ImageObject\",\"inLanguage\":\"cs\",\"@id\":\"https:\/\/vopp.cz\/#\/schema\/logo\/image\/\",\"url\":\"https:\/\/vopp.cz\/wp-content\/uploads\/logo-VOPP-300-bez-pozadi.png\",\"contentUrl\":\"https:\/\/vopp.cz\/wp-content\/uploads\/logo-VOPP-300-bez-pozadi.png\",\"width\":299,\"height\":145,\"caption\":\"VOPP\"},\"image\":{\"@id\":\"https:\/\/vopp.cz\/#\/schema\/logo\/image\/\"}}]}<\/script>\n<!-- \/ Yoast SEO plugin. -->","yoast_head_json":{"title":"VOPP - VOPP","robots":{"index":"index","follow":"follow","max-snippet":"max-snippet:-1","max-image-preview":"max-image-preview:large","max-video-preview":"max-video-preview:-1"},"canonical":"https:\/\/vopp.cz\/","og_locale":"cs_CZ","og_type":"article","og_title":"VOPP - VOPP","og_description":"V\u00fdroba chemick\u00fdch laborato\u0159\u00ed","og_url":"https:\/\/vopp.cz\/","og_site_name":"VOPP","article_modified_time":"2025-06-10T11:20:20+00:00","twitter_card":"summary_large_image","schema":{"@context":"https:\/\/schema.org","@graph":[{"@type":"WebPage","@id":"https:\/\/vopp.cz\/","url":"https:\/\/vopp.cz\/","name":"VOPP - VOPP","isPartOf":{"@id":"https:\/\/vopp.cz\/#website"},"datePublished":"2013-07-22T07:29:36+00:00","dateModified":"2025-06-10T11:20:20+00:00","breadcrumb":{"@id":"https:\/\/vopp.cz\/#breadcrumb"},"inLanguage":"cs","potentialAction":[{"@type":"ReadAction","target":["https:\/\/vopp.cz\/"]}]},{"@type":"BreadcrumbList","@id":"https:\/\/vopp.cz\/#breadcrumb","itemListElement":[{"@type":"ListItem","position":1,"name":"Dom\u016f","item":"https:\/\/vopp.cz\/"},{"@type":"ListItem","position":2,"name":"VOPP"}]},{"@type":"WebSite","@id":"https:\/\/vopp.cz\/#website","url":"https:\/\/vopp.cz\/","name":"VOPP","description":"Kontaktujte n\u00e1s na telefonu: +420 604 635 534","publisher":{"@id":"https:\/\/vopp.cz\/#organization"},"potentialAction":[{"@type":"SearchAction","target":{"@type":"EntryPoint","urlTemplate":"https:\/\/vopp.cz\/?s={search_term_string}"},"query-input":{"@type":"PropertyValueSpecification","valueRequired":true,"valueName":"search_term_string"}}],"inLanguage":"cs"},{"@type":"Organization","@id":"https:\/\/vopp.cz\/#organization","name":"VOPP","url":"https:\/\/vopp.cz\/","logo":{"@type":"ImageObject","inLanguage":"cs","@id":"https:\/\/vopp.cz\/#\/schema\/logo\/image\/","url":"https:\/\/vopp.cz\/wp-content\/uploads\/logo-VOPP-300-bez-pozadi.png","contentUrl":"https:\/\/vopp.cz\/wp-content\/uploads\/logo-VOPP-300-bez-pozadi.png","width":299,"height":145,"caption":"VOPP"},"image":{"@id":"https:\/\/vopp.cz\/#\/schema\/logo\/image\/"}}]}},"_links":{"self":[{"href":"https:\/\/vopp.cz\/index.php?rest_route=\/wp\/v2\/pages\/86","targetHints":{"allow":["GET"]}}],"collection":[{"href":"https:\/\/vopp.cz\/index.php?rest_route=\/wp\/v2\/pages"}],"about":[{"href":"https:\/\/vopp.cz\/index.php?rest_route=\/wp\/v2\/types\/page"}],"author":[{"embeddable":true,"href":"https:\/\/vopp.cz\/index.php?rest_route=\/wp\/v2\/users\/1"}],"replies":[{"embeddable":true,"href":"https:\/\/vopp.cz\/index.php?rest_route=%2Fwp%2Fv2%2Fcomments&post=86"}],"version-history":[{"count":4,"href":"https:\/\/vopp.cz\/index.php?rest_route=\/wp\/v2\/pages\/86\/revisions"}],"predecessor-version":[{"id":2744,"href":"https:\/\/vopp.cz\/index.php?rest_route=\/wp\/v2\/pages\/86\/revisions\/2744"}],"wp:attachment":[{"href":"https:\/\/vopp.cz\/index.php?rest_route=%2Fwp%2Fv2%2Fmedia&parent=86"}],"curies":[{"name":"wp","href":"https:\/\/api.w.org\/{rel}","templated":true}]}}